ainder when 27 is divided by f.
7
Let l be (648/(-4))/(5*16/(-360)). Suppose -22*b + 13*b = -l. What is the remainder when b is divided by 49?
32
Let a = 313 - 306. Suppose 3*r - 57 = 5*j, -r - a*j + 5 = -4*j. What is the remainder when r is divided by 4?
2
Suppose 0 = -104*q - 4*q + 47196. What is the remainder when q is divided by 196?
45
Let d(k) = -k**2 - 4*k + 117. Let a(c) = -11*c**2 + 2*c - 3. Let q be a(1). What is the remainder when d(q) is divided by 3?
0
Let c(j) = 2*j**3 + 48*j**2 + 11*j + 56. Let g be c(-23). Let v = 865 - g. What is the remainder when 11 is divided by v?
3
Suppose -122*o = -100*o - 33880. Calculate the remainder when o is divided by 15.
10
Suppose -36633 + 34661 = -17*n. Calculate the remainder when 678 is divided by n.
98
Let u(z) = 3859*z**2 - 206*z + 207. Calculate the remainder when u(1) is divided by 13.
12
Suppose -19*n + 45696 = 17*n - 12*n. Calculate the remainder when n is divided by 476.
0
Let y be (-1 - -3)*(-4)/8 + 7. Suppose -x = 3*d - y*d + 517, -5*d = -x - 863. What is the remainder when d is divided by 36?
29
Suppose 2447 + 2371 = 146*g. What is the remainder when ((-195)/(-12))/((-1)/(-8)) is divided by g?
31
Calculate the remainder when (-107)/(-3)*77*(-36)/(-42) is divided by 19.
17
Suppose 616 - 80 = 2*c. Suppose c*y + 3950 = 278*y. Calculate the remainder when y is divided by 22.
21
Let x = 222 + -220. Suppose -4*c - 3*z + 34 = 0, x*c + c - 5*z = 40. Calculate the remainder when 43 is divided by c.
3
Let l = 34 + -28. Let y = -17201 + 17228. What is the remainder when y is divided by l?
3
Let z = -460 + 461. What is the remainder when z - 318/2*1/(-3) is divided by 28?
26
Suppose -2575 + 4377 = 39*l - 2917. Calculate the remainder when 469 is divided by l.
106
Suppose 0 = 17*y - 1020 - 3196. Calculate the remainder when y is divided by 9.
5
Suppose 5*d + 17 = 4*d. Let q = d - -41. Let s = 34 - q. What is the remainder when 35 is divided by s?
5
Let t(l) = l**3 - 46*l**2 + 9*l + 90. Let h be t(46). Suppose 0 = f + 2*x - 83, 5*f = -3*x + h - 75. What is the remainder when f is divided by 9?
6
Let r = -1 - -6. What is the remainder when 17595/138 - ((-2)/(-4) + 4/(-2)) is divided by r?
4
Let a(c) = 7*c - 58. Let h be a(8). Let j be (-3 - 0 - h) + 13. Suppose j = 2*i + 10. What is the remainder when 2 is divided by i?
0
Let v be (-38 + 2)*(0 - -1). Let w = v + 40. Suppose 2*f + w*x - 60 = 0, -4*f + 179 = -x + 32. What is the remainder when f is divided by 19?
17
Suppose m = -1597 + 1854. Calculate the remainder when 1787 is divided by m.
245
Calculate the remainder when 2857 is divided by 5 - (10/155 + 3703/(-217)).
19
Let f(w) = 2*w**2 + 373*w + 1851. What is the remainder when 4749 is divided by f(-5)?
33
Calculate the remainder when 344*(168/(-32))/(-21) is divided by 65.
21
Let g be -139*((2 - 7) + 7) - -4. Let o = g + 284. Calculate the remainder when 59 is divided by o.
9
Let r be ((-66)/(-15) - 4)*10 + -61. Let s = -60 - r. What is the remainder when 51 is divided by (3/(-2))/(2/84*s)?
9
Suppose -7*v + 18 = -v. Suppose 14 = 2*y + 3*s - s, -v*s = -3*y + 15. Suppose 11 + y = p. What is the remainder when 32 is divided by p?
15
Suppose -610 = -41*x + 374. What is the remainder when 110 is divided by x?
14
Let g(d) = -2*d**2 - 9*d + 0*d**2 - 5 + d**2. Calculate the remainder when (2 - -2) + -555*19/(-95) is divided by g(-6).
11
Let g = 54 - 8. Suppose -3*u + 32 = 2. Let z = u + 0. What is the remainder when g is divided by z?
6
Let h be (7 + -7)*(1 - 0). Suppose 7*i + h*i - 413 = 0. What is the remainder when 174 is divided by i?
56
Let n(c) be the first derivative of c**4/4 + 3*c**3 + 3*c**2 - 11*c - 3. Let y be 24/(-80) + 1001/(-130). Calculate the remainder when 13 is divided by n(y).
3
Suppose 9*z - 12*z = 5*h - 96, -5*h = 4*z - 123. Calculate the remainder when z/(-108) - ((-1335)/12 - 2) is divided by 29.
26
Let v be 8/(-14) + 40/(-28) + 1. Let c be (39/(-52))/(v/(-8)). What is the remainder when (-562)/(-3) + 2/c is divided by 38?
35
Let n = 1913 + -1902. Calculate the remainder when 3717 is divided by n.
10
Let j be (39/(-12))/(8/352). Let k = j - -140. What is the remainder when 60 is divided by ((-4)/k)/(1/(156/8))?
8
Let k(u) = -u**3 + 15*u**2 - 13*u - 14. Let o be k(14). Suppose 2*c = n + 5 - 21, -5*c + 20 = o. Calculate the remainder when 119 is divided by n.
23
Let a(d) = -3*d - d - 45 + 82 + 90. What is the remainder when 196 is divided by a(29)?
9
Suppose -3*z - 2*z + 866 = 726. Suppose -4*h + 91 = -2*k - 127, -5*h - 2*k = -286. What is the remainder when h is divided by z?
0
Let f = 620 - 176. Suppose 13*w - 36*w + 92 = 0. Suppose 4*n = w*c + f, -5*c - 18 - 210 = -2*n. What is the remainder when n is divided by 37?
35
Suppose 0*u - u = -3. Suppose -4*g + 37 = 2*c + 1, u*c - 54 = 5*g. Let v = 500 + -431. What is the remainder when v is divided by c?
15
Let l = -87 - -88. Let b(a) = 119*a - 20. Suppose 3*q = 2*q + 20. Calculate the remainder when b(l) is divided by q.
19
Suppose -3*a - 8 = -h, 0*h = -4*h - 5*a + 15. Suppose 6 = h*i - 39. What is the remainder when 23 is divided by i?
5
Calculate the remainder when 39343 is divided by ((-1)/(-3))/((-50)/(-9150)).
59
Suppose -15 = -3*t + p + 3*p, 2*t + 13 = -5*p. Calculate the remainder when 93 is divided by ((-14)/2 + 39)/t.
29
Suppose -17 = -q - 2*o, 3*o = 6*o. Let n = q - 44. Calculate the remainder when 23 is divided by 2/(-4) - n/6.
3
Let v = 68 + -15. What is the remainder when v is divided by 6012/72 + -67 + 10/(-4)?
11
Suppose 0 = -o + 5*i + 76, 5*o + i + 4*i - 350 = 0. What is the remainder when o is divided by (2/(-14))/((-4)/24)*42?
35
Let a(z) = 20*z - 1044. What is the remainder when 786 is divided by a(54)?
30
Let f(h) = -2875*h + 970*h + 959*h + h**2 + 962*h + 22. Let r(o) = 3*o - 3. Let n be r(-4). Calculate the remainder when 26 is divided by f(n).
5
Let i = -20 - -41. Suppose 5*g - 25 = 0, -3*w - g = w - 317. Calculate the remainder when w is divided by i.
15
Let w = -3228 - -3248. Let s = 25 - 4. Calculate the remainder when s is divided by w.
1
Let w = -3 + 3. Let u = 6 - w. What is the remainder when u is divided by 18/27*22/(352/72)?
0
Let u = -60513 + 60635. Suppose 4*q = -4*l + 2*l + 94, 0 = -2*l - 2*q + 90. Calculate the remainder when u is divided by l.
36
Let k = -48 - -77. Let p(y) = y**2 - 6*y + 10. Let g(c) = -c**3 - 15*c**2 - 4*c - 54. Let r be g(-15). Calculate the remainder when k is divided by p(r).
9
Calculate the remainder when (1 - (-10021)/22) + 3/2 is divided by 51.
50
Suppose 5*o - 195 = -2*i, 2*i - 4*o - 432 = -2*i. Suppose -2*b + 218 = -j - i, 5*b - 2*j - 806 = 0. Calculate the remainder when b is divided by 55.
50
Let k = 91 + -79. Let h be (k - -2)*(9/2 - 4). Suppose -4*m = v - 75, 2*m - h = -v + 68. What is the remainder when v is divided by 19?
18
Let b = 261 + -244. Suppose b*c - 10*c = 2884. What is the remainder when c is divided by 46?
44
Let y = -2137 + 3448. Calculate the remainder when y is divided by 18.
15
Suppose -27 = z - 0*z. Calculate the remainder when (10/(-25))/(1/(-60)) is divided by (-53)/(-8) + z/(-72).
3
Let l = -19968 - -20212. What is the remainder when 8780 is divided by l?
240
Let z be 4/(-3)*(-318)/(-1). Let s = z - -445. What is the remainder when 100 is divided by s?
16
Suppose 3*n - s - 21 = 2*s, 5*n - 3 = -3*s. What is the remainder when 106*(4 - (n/6 + 3)) is divided by 14?
11
Let y be 46/((-1)/(-2)*4). Suppose q - f - 4*f = -7, 22 = 2*q - f. Let a = y + q. What is the remainder when 69 is divided by a?
33
Suppose -7*q = -14 - 945. Let k = -120 + q. What is the remainder when 48 is divided by k?
14
Let z(u) = -410 - 2*u**3 + 18*u - 449 + u**2 + 910. What is the remainder when z(-3) is divided by 21?
18
Suppose 236*f - 240*f = 208. Let m = f - -198. Calculate the remainder when m is divided by 37.
35
Let q(u) = -6*u**2 - 9*u - 38. Let h(v) = -7*v**2 - 8*v - 38. Let f(b) = 5*h(b) - 6*q(b). Calculate the remainder when 110 is divided by f(-12).
12
Let l = -2229 - -3159. Calculate the remainder when l is divided by 234.
228
Suppose 4159 = 76*w + 815. What is the remainder when 68 is divided by w?
24
Suppose 5*k + 3*h = 895, 13*h = 3*k + 19*h - 537. Calculate the remainder when k is divided by 45.
44
Let y = 278 + -238. What is the remainder when y is divi